 (-594)/36*(-14)/w is divided by 16?
13
Let u = -258 - -103. Let m = -40 + 55. What is the remainder when m is divided by (-2)/(-8) - u/20?
7
Let j(i) = 3*i + 1. Let b be j(-1). Let x = -3 - b. Calculate the remainder when 29 is divided by (-1 - x - 2) + 18.
13
Let m be 4/(-8)*6*-2. Suppose 62 = m*i - 22. What is the remainder when 33 is divided by i?
5
Let p = 133 + -96. What is the remainder when 141 is divided by p?
30
Let y(n) be the second derivative of -3/2*n**2 + 2*n + 0 - 2/3*n**3. What is the remainder when 51 is divided by y(-4)?
12
Suppose -s = -6*s - f + 142, -5*f = -5*s + 130. What is the remainder when 4/(-12) - 328/(-3) is divided by s?
25
Suppose -6*r + r = -20. Suppose 5*p = 4*f - 74, -2*p + 16 - r = f. Calculate the remainder when 24 is divided by f.
8
Let x(t) = -6*t + 3. Let h(d) be the third derivative of 11*d**5/60 - d**3/6 - 3*d**2. Calculate the remainder when x(-6) is divided by h(-1).
9
Suppose -3*u - 3*q + 4 = 1, -5*q = -4*u + 22. What is the remainder when 31 is divided by u?
1
Let k = 15 + -8. Let u = 32 - 31. Suppose 3 + u = 2*z + 5*w, 2*z - 28 = w. What is the remainder when z is divided by k?
5
Suppose 5*c = 137 - 22. Calculate the remainder when c is divided by 13.
10
Let x(r) be the third derivative of -11*r**6/120 - r**5/10 - r**4/6 - 2*r**3/3 + 7*r**2. What is the remainder when x(-2) is divided by 7?
5
Let l = 105 + -94. Suppose -92 = 10*v - l*v. What is the remainder when v is divided by 27?
11
Let k(h) = h**3 + 9*h**2 - 2*h + 23. Let f = -37 + 28. Calculate the remainder when k(f) is divided by 23.
18
Let m(p) = p**3 - 16*p**2 + p - 12. Let x be m(16). Suppose 3*y - x*y + 24 = 0. What is the remainder when 87 is divided by y?
15
Let q(p) = 2*p**2 + 2*p - 29. What is the remainder when (1 - -27)/((-4)/(-6)) is divided by q(-5)?
9
Suppose -i = 1 - 18. What is the remainder when i is divided by (-7 + 66/3)/((-6)/(-4))?
7
Suppose 210 = 32*r - 78. What is the remainder when 68 is divided by r?
5
Let x(v) = 9*v - 27. Let o(c) = 4*c - 13. Let i(b) = 5*o(b) - 2*x(b). Calculate the remainder when 24 is divided by i(12).
11
Suppose -10*t = 19 - 229. What is the remainder when 292 is divided by t?
19
Let u = 499 - 486. Calculate the remainder when 54 is divided by u.
2
Let w(d) = 5*d**2 + 5*d. What is the remainder when 48 is divided by w(-2)?
8
Let r(v) = -v**2 + 11*v - 12. Let n be r(10). Suppose 0*b = -2*b + 88. What is the remainder when b is divided by (-3)/((-3)/n) - -14?
8
Let s be 3/((-5)/20 + 3 + -2). Let l(n) = n**3 - 3*n**2 + 6. What is the remainder when 174 is divided by l(s)?
20
Suppose -4*n - f + 105 = 0, 0 = -4*n - 0*f + 4*f + 120. Calculate the remainder when 50 is divided by n.
23
Let c be (-6)/10 - (-65)/25. Suppose -134 = 4*q + 2*x, -5*q = -3*x - 0*x + 162. Calculate the remainder when (22/q)/(c/(-48)) is divided by 9.
7
Let o = -272 + 273. Calculate the remainder when 12 is divided by o.
0
Suppose -5*a = r - 224, -2*a - 4*r + 41 = -a. Let s(v) = v - 6. Calculate the remainder when s(11) is divided by 24/10 - 18/a.
1
Suppose -4*k + 5*s + 3 = -34, -2 = -4*k - 2*s. Suppose -j = -k*a - 2, -8*j + 4*j = a - 21. Calculate the remainder when 19 is divided by j.
4
Suppose -3*x + 9*x = 654. What is the remainder when x is divided by 14?
11
Suppose -26*i + 33*i - 1855 = 0. Calculate the remainder when i is divided by 67.
64
What is the remainder when 415 is divided by (-2)/7 - 844/(-14)?
55
Let h be 285/40 - 1/8. Suppose h*n - 11*n + 28 = 0. What is the remainder when 13/3*(8 - 5) is divided by n?
6
Suppose -t = 5*o - 22 + 1, 5*o - 18 = 2*t. Let k(a) = -a**2 + 20*a - 6. Let q be k(22). Let p = q + 52. Calculate the remainder when o is divided by p.
0
Suppose -182*f = -197*f + 720. What is the remainder when 575 is divided by f?
47
Suppose -2*s + 7*s - 15 = 0, 3*b = 2*s + 741. What is the remainder when b is divided by 52?
41
Let j be 34/4 + 1/2. Suppose w - j - 11 = 3*f, 0 = -5*w - 2*f + 168. Calculate the remainder when 57 is divided by w.
25
Suppose 2003 = 43*z - 1050. What is the remainder when 77 is divided by z?
6
Let j = -394 + 457. What is the remainder when j is divided by 36?
27
Suppose -44*f = -21*f - 1012. What is the remainder when 73 is divided by f?
29
Let c(p) = 3*p + 12. Let g be c(-20). Let d = 83 + g. What is the remainder when 69 is divided by d?
34
Let g be (-471)/2*(-36)/27. What is the remainder when g/5 - 72/90 is divided by 16?
14
Let k(i) = -2*i + 14. Let p be k(6). Suppose 4*r = 8, 8*a = 5*a - p*r + 79. Calculate the remainder when a is divided by 9.
7
Suppose -2435 - 1114 = -7*y. What is the remainder when y is divided by 85?
82
Let p(n) = -n**2 + 8*n + 3. Let q be p(14). Calculate the remainder when (q/(-6))/(6/8) is divided by 10.
8
Suppose 3*f + 5*t = -312, f - 4*t - 35 = -139. Let d = -51 - f. What is the remainder when d is divided by 11?
9
Let t(b) = -42*b + 1. Let y be 4/6 + 130/3. What is the remainder when t(-1) is divided by y/(-6)*(2 + -5)?
21
Let t be (-5)/(-15)*18/3. Suppose -t*k + 2*x = -4, -2*x + 1 + 2 = 5*k. Suppose -m + 3*l = 0, 3*m = -2*l + 23 - k. What is the remainder when 23 is divided by m?
5
Let n(o) = -o**2 + 4*o - 3. Let h be n(2). Let z(c) = 163*c**2 - c. Let v be z(h). Calculate the remainder when ((-3)/(-1))/6*v is divided by 21.
18
Let m = 2475 + -2200. What is the remainder when m is divided by 129?
17
Suppose -6*z + 3*z = g - 1, z - 5 = -5*g. Suppose z = -3*n + 84 - 6. Calculate the remainder when 181 is divided by n.
25
Let h(l) be the first derivative of -4*l**2 + l + 11. What is the remainder when h(-4) is divided by 12?
9
Let o = 16 - 13. Suppose -15 = o*m - 6*m. Suppose b = m*f + 118, 4*b - f - 377 = -0*f. Calculate the remainder when b is divided by 32.
29
Let b(u) = 27*u**2 + 272*u + 25. Let g(c) = -2*c**3 + c**2 - c + 1. Let y be g(2). Calculate the remainder when 1 - y - (1 + -3) is divided by b(-10).
1
Let u = 382 + -347. What is the remainder when 82 is divided by u?
12
Suppose 5*u = -2*k + 164, -4*u - 4*k + 130 = 6. Suppose -10*d + 46 = -u. What is the remainder when 38 is divided by d?
6
Suppose 3*m + 70 = -4*g + 6*g, 40 = -2*m + 3*g. Let x = m + 37. What is the remainder when 107 is divided by x?
8
Let v = -365 - -392. Calculate the remainder when 226 is divided by v.
10
Let b be (-16)/(-5) + 7/(-35) + 19. Let v = b + 2. Calculate the remainder when 94 is divided by v.
22
Let y = 70 + -35. What is the remainder when y is divided by -18*(-27)/((-1296)/(-32))?
11
Calculate the remainder when 271 + 0 + 4 - 2/1 is divided by 23.
20
Let c = -52 - -90. Let x be ((-6)/1)/(-2) - (3 + -5). Suppose 0 = x*v - 4*b - 54, 5*b = -4*v + 19 + 16. Calculate the remainder when c is divided by v.
8
Suppose 3*s = 4*n + 7 + 1, -2*s + 20 = n. Suppose 201 = s*a - 15. Calculate the remainder when 37 is divided by a.
10
Let s(a) = a**3 - 5*a**2 + 5*a - 6. Let z(c) = c**2 - 2*c. Calculate the remainder when z(-5) is divided by s(5).
16
Let y(n) = -n**2 - 8*n - 4. What is the remainder when 21 is divided by y(-4)?
9
Let r be (-2 - -4)/((-4)/(-6)). Suppose r*p - 8 = -p. Calculate the remainder when 2 is divided by p.
0
Let n = 4 + 3. Suppose 350 = n*x - 2*x. Calculate the remainder when x is divided by 25.
20
Let y(f) = -5*f**2 + 8*f - 7. Let m be y(5). Let r = m - -147. Calculate the remainder when r is divided by (-2)/(-4)*116/2.
26
Let o(n) = -n**3 + 4*n**2 + 4. Suppose -2*r - 16 = -40. What is the remainder when r is divided by o(4)?
0
Let n(j) = -10*j - 28. Calculate the remainder when n(-7) is divided by 24.
18
Let a = 51 - 173. Let o = -92 - a. Let n(g) = -11*g - 1. Calculate the remainder when n(-8) is divided by o.
27
Let j = 1763 - 1747. Let i = 35 + 26. What is the remainder when i is divided by j?
13
Suppose 15 = -3*g, -2*g - 8 - 12 = -5*u. Calculate the remainder when (0 - (-110)/u) + 0 is divided by -1 - (-2*1 - 13).
13
Suppose 4*r + 2*a = 6, 4*a + 5 = 5*r + 4. Let i be 12 - 0/(2/r). Suppose -2*d + 4*d = i. Calculate the remainder when 10 is divided by d.
4
Calculate the remainder when 289 is divided by 21/14*62/3.
10
What is the remainder when 31 is divided by (-1 - -1) + (29 - 15 - 5)?
4
Let w = -765 + 782. What is the remainder when 84 is divided by w?
16
Let k be (-732)/(-20) + 6/(-10). Let i = k + -21. What is the remainder when 4/6*(-177)/